 p(-6). Suppose 2*r + 21 = 5*s - 5, -l*r - 2*s - 4 = 0. What are the prime factors of (235*r/6)/((-6)/12)?
5, 47
Let y = 2228 + 2990. List the prime factors of y.
2, 2609
Let s = -3324 + 5559. Suppose 0 = -131*c + 126*c + s. What are the prime factors of c?
3, 149
Suppose 32*c + 48469 - 119381 = 0. What are the prime factors of c?
2, 277
Let n(d) = -3*d - 20. Let m = -77 - -69. Let g be n(m). Suppose 3*t + 62 = g*t + r, 3*t = 5*r + 154. List the prime factors of t.
2, 29
List the prime factors of (-11698*6*26/78)/(-3 + 1).
2, 5849
Let p = -888 - -2888. List the prime factors of p.
2, 5
Let a(n) = n**3 - 8*n**2 + 6*n + 10. Let v = -77 - -34. Let t = v + 52. What are the prime factors of a(t)?
5, 29
Let y(c) = 4*c**2 + 74*c + 1483. What are the prime factors of y(-57)?
31, 331
Let z(k) = 3*k**3 - 8*k**2 + k + 5. Let s be z(5). Let p = s - 101. Suppose -10 = -g + p. List the prime factors of g.
2, 47
Let y be (-6 + (-20)/(-6))*6/4. List the prime factors of 8540/22 + (40/55)/y.
2, 97
Let u(k) = k**2 + 8*k - 129. Let z be u(-16). List the prime factors of z - (6 - 12) - -747.
2, 47
Let k(s) = -10*s - 1 - 15 - 4 + 2. What are the prime factors of k(-13)?
2, 7
Let m = -2976 + 3158. List the prime factors of m.
2, 7, 13
Let b(w) = w**2 + 14*w + 32. Let n be b(13). Suppose -8*h - n = -431. List the prime factors of h.
2, 3
Let k be -26 + 15 - (-1 + 1). Let l(z) = -2*z**3 - 18*z**2 - 15*z - 2. List the prime factors of l(k).
647
Let m(h) be the second derivative of h**3/3 + 8*h**2 + 4*h. Let j be m(-7). Suppose -3*s + 310 = j*s. List the prime factors of s.
2, 31
Let p(f) = -f**3 + f + 1. Let b(u) = 7*u**3 - 15*u**2 + 10*u + 27. Let x(q) = -b(q) - 6*p(q). List the prime factors of x(10).
307
Let l be 12*(-3)/(-36)*4. Suppose 9 = 4*k - 5*h, 4*k = -h - l*h - 1. List the prime factors of (-1105)/(-52) - k/4.
3, 7
Let z(d) = -66*d - 41. Let k be z(-6). Let v = 729 - k. What are the prime factors of v?
2, 11, 17
Let z(n) = 5*n + 57. Let p be z(-13). Let d(s) = -3*s**3 - 12*s**2 - 6*s - 22. List the prime factors of d(p).
2, 397
Let q(j) = 91*j**2 + 537*j - 32. List the prime factors of q(-16).
2, 7, 131
Suppose -83 - 77 = -8*y. Let o(a) = 2*a**2 - 29*a + 8. List the prime factors of o(y).
2, 3, 19
Let m(h) be the second derivative of h**4/12 - h**3/3 - 7*h**2/2 - 8*h. Let g(l) = -l**3 - 16*l**2 + l + 5. Let a be g(-16). List the prime factors of m(a).
2, 17
Let w be -15*((-40)/(-18))/((-12)/(-18)). Let t = 1398 + w. What are the prime factors of t?
2, 337
Let a(l) = -19. Let g(f) = -f + 20. Let c(s) = -3*a(s) - 2*g(s). Suppose -3*j = 4*j - 133. What are the prime factors of c(j)?
5, 11
Let j = -8170 - -11957. Suppose -5218 = -3*t + i + j, 12024 = 4*t + 3*i. Suppose w - 12*w = -t. What are the prime factors of w?
3, 7, 13
List the prime factors of (-35)/((3 - 3)/(-12) + 5/(-11125)).
5, 7, 89
Suppose -9 + 3 = -2*w. Suppose w*v - 2*q - 1217 = -3*q, -2*v + 802 = 3*q. What are the prime factors of v?
11, 37
Let h = -167 + 169. Suppose -h*a - 7*a = -468. What are the prime factors of a?
2, 13
Let g(q) = 9*q + 46. Let d be g(-7). Let r(w) = -37*w - 87. What are the prime factors of r(d)?
2, 271
Let o(f) = 73*f - 58. Suppose -10*a + 69 = 9. Let v be o(a). Suppose 5*b = -4*g + 709, 3*g + 4*b = -v + 912. List the prime factors of g.
2, 11
Let w(z) be the first derivative of z**3/3 + 5*z**2 + 199*z - 87. What are the prime factors of w(-12)?
223
Let y(p) = 2*p**3 + 24*p**2 - 5*p - 13. Let x be 3*22/(-4)*(-2)/(-3). What are the prime factors of y(x)?
2, 71
Let f be (-5)/(3 - 110/35). Suppose f*p - 55*p = -13340. List the prime factors of p.
23, 29
List the prime factors of (-5)/(-10)*(-79276)/(-12 + 10).
19819
Let s = 49 + -46. Let a be (s + 8/(-3))*1497. Suppose 0*z + z + a = 4*q, -2*z = 6. What are the prime factors of q?
2, 31
Let x(c) = 4*c**2 - 38*c + 316. List the prime factors of x(8).
2, 67
What are the prime factors of (3561900/(-45))/10*(5 - 14)?
2, 3, 31, 383
Suppose 825*k - 840*k + 881190 = 0. What are the prime factors of k?
2, 3, 9791
Let q be (((-55)/(-22))/(-5))/(2/(-8)). Let v(j) = 6 - 4*j - 5*j**2 + 4*j**2 + 4*j**2 + 25*j**3. What are the prime factors of v(q)?
2, 3, 5, 7
Suppose 4*z + 2*r = r + 5931, 2*r = -2*z + 2964. Let a = z - 367. List the prime factors of a.
2, 3, 31
Let s(u) = -2*u**3 - 39*u**2 - 21*u - 27. Let a be s(-19). Suppose -5737 = -a*q - 699. What are the prime factors of q?
2, 229
Let n = -9358 + 16555. List the prime factors of n.
3, 2399
Let k = 54216 + -31119. List the prime factors of k.
3, 7699
Let s = -57382 - -97666. List the prime factors of s.
2, 3, 373
Let d(s) = 374*s**2 - 542*s - 3225. What are the prime factors of d(-6)?
3, 1499
Let k(y) be the third derivative of 3*y**4/8 + y**3/3 + 4*y**2. Let w(d) = -d + 20. Let n be w(12). What are the prime factors of k(n)?
2, 37
Suppose 67*a - 131890 - 81328 = 41851. List the prime factors of a.
3, 47
Let z = 1714 + -1274. What are the prime factors of z?
2, 5, 11
Let j = 1813 - -1406. List the prime factors of j.
3, 29, 37
Let z(p) = 33*p - 48. Let h be z(-23). Let w = h + 1406. What are the prime factors of w?
599
Suppose 8073 - 39678 = 15*n. Let u = n - -3681. List the prime factors of u.
2, 787
Let j be (-13)/((-2730)/(-20)) - 40452/(-63). Suppose r + 0*r = m - j, 4*m + 2*r = 2586. What are the prime factors of m?
3, 5, 43
Let d = 492 + -403. Suppose -d*j = -84*j - 4020. List the prime factors of j.
2, 3, 67
Suppose -7*s + 50 = -5*s. List the prime factors of (776/(-20))/((-10)/s).
97
Let d(k) = k**3 + 2*k**2 - k - 393. Let c be d(0). Let j = -164 - c. What are the prime factors of j?
229
Let y(h) = h**3 - 5*h**2 - 5*h - 3. Let b be y(6). Suppose b*p + 33 = -x, 4*x - p = p - 76. Let a = 50 - x. List the prime factors of a.
71
Suppose 3*j - 183 - 231 = 0. Suppose -o = -2*t + 139, -4*t = -2*t - 2*o - j. Suppose 5 - t = -q. List the prime factors of q.
5, 13
List the prime factors of (-8 + 9*(-35)/(-42))*-5878.
2939
Let h be 4/(-5*12/(-75)). Suppose -4*f = f + 20, 3*a - 1456 = -h*f. List the prime factors of a.
2, 3, 41
Let t = -8387 - -19050. Suppose -14*b + t + 3267 = 0. List the prime factors of b.
5, 199
Let d = 41 + -58. Let c = -9 - d. List the prime factors of c.
2
Suppose -4*b + 4*m = -3200, 0*b + 3182 = 4*b + 2*m. Let x = 1081 - b. List the prime factors of x.
2, 71
Let r(u) = -3*u**3 + 2*u**2 - 7*u - 3. Let d be r(4). List the prime factors of -3 + (-6 - -5)*d.
2, 47
Suppose 3*h = 54 + 75. Let w = h - -19. Suppose 326 = 6*j + w. What are the prime factors of j?
2, 11
Let s(f) = 12*f**3 + 37*f**2 - 60*f - 181. Let v(c) = -3*c**3 - 9*c**2 + 15*c + 45. Let j(z) = 2*s(z) + 9*v(z). What are the prime factors of j(-8)?
3, 337
Suppose 0 = -3*q + q + 2. What are the prime factors of q*2664/14 + 8/(-28)?
2, 5, 19
Suppose -4*s = 12, -5*s - 18 = 4*m - 5*m. Suppose 2*j - 1243 = -d, -m*j - 3*d + 3105 = 2*j. What are the prime factors of j?
2, 3, 13
Let y(t) = 1290*t + 1566. List the prime factors of y(25).
2, 3, 1409
Let r(m) = 28*m - 39. Let g be r(5). Let z = 424 + -239. Let b = z - g. List the prime factors of b.
2, 3, 7
Let p(m) = -2*m**3 - 7*m**2 + 8. Let f be p(-6). Suppose -22*t + 18*t + f = 0. Let j = t + -15. What are the prime factors of j?
2
Suppose 0 = -118*l + 58*l + 926820. List the prime factors of l.
3, 19, 271
Suppose 4*g = -28, -77*t + 80*t - g - 75478 = 0. What are the prime factors of t?
11, 2287
Suppose 5*j + 9*h - 3060 = 4*h, h - 1842 = -3*j. Suppose -3*m = 51 - j. List the prime factors of m.
2, 47
Let r = 33014 - 22836. List the prime factors of r.
2, 7, 727
Let p = 90 + -84. Let s(b) = -b**2 - 7*b. Let y be s(-6). List the prime factors of p*3/y*39.
3, 13
Suppose -4 = 2*a - 22. Suppose a*k - 2 = 11*k. What are the prime factors of (k - 0)*(1*-32 + 1)?
31
Let k = -30 - -32. Suppose -18 = -4*o - k. Suppose -o*q + 3*q = -100. What are the prime factors of q?
2, 5
Let w(k) = -72*k**3 - 2*k**2 - k. Let q be w(-1). Let s = q + -63. Suppose -s*d = -288 + 56. List the prime factors of d.
29
Let t(p) be the first derivative of -1/2*p**2 + 5 - 4*p + p**3. What are the prime factors of t(-4)?
2, 3
Let n(u) = -74*u - 114. Let x(w) = -37*w - 57. Let j(s) = 3*n(s) - 5*x(s). List the prime factors of j(-12).
3, 43
Let t(q) = -52*q - 39. Let f = 76 + -82. List the prime